uppose -w = -4*f + 502. Let l = f + -115. Is l a prime number?
True
Suppose 3*u - 3 = 3*c, 4*u + 5*c + 0 - 31 = 0. Suppose 813 = u*v - 1863. Is v prime?
False
Let y(k) be the first derivative of k**2 + 19*k + 12. Is y(0) a prime number?
True
Suppose -2*k = 43*k - 244305. Is k a composite number?
True
Let v be (18/(-3))/(-2) + -9. Let i(f) = 2*f**2 + 12*f. Let y be i(v). Let r(g) = g**2 + 1061. Is r(y) prime?
True
Is (-55386)/(-6) + 0 - 2 a prime number?
False
Let p = -9646 - -23291. Is p a composite number?
True
Let w(n) = 11*n**3 - 5*n**2 - 10*n + 17. Is w(5) a prime number?
True
Let i = -6 - 4. Let n be ((-12)/30)/((-2)/i). Is ((-70)/(-28))/(n/(-44)) composite?
True
Let a = 54021 - -29050. Is a composite?
False
Suppose -257 - 713 = -5*b. Is b composite?
True
Let u(k) = 2*k**2 + 13*k + 4751. Is u(0) prime?
True
Suppose -2320 = 12*m - 11236. Is m a prime number?
True
Let f(v) = 15*v - 5. Let l(z) = 16*z - 6. Let t(u) = 5*f(u) - 6*l(u). Let y be t(-6). Let s = 2 + y. Is s a composite number?
False
Suppose 0 = 2*x - 5*x - 687. Let o = 781 + x. Is o/10 + 1/(-5) a composite number?
True
Let b(q) = q**3 + q**2 + q. Let j(v) = 37*v**3 + 8*v**2 + 2*v + 11. Let r(h) = -4*b(h) + j(h). Is r(4) prime?
True
Suppose 0 = 4*x - 5*j - 26704, 0 = -x - 0*x + j + 6675. Is x composite?
True
Let h(x) = -x**3 + 13*x**2 - 15*x + 40. Let t be h(12). Suppose 1732 = -2*d - t*c + 4818, -d + 1531 = -c. Is d a prime number?
False
Suppose -2*j + 5*c = -661, 2*j + c = -c + 696. Let f = j - 106. Is f prime?
False
Let i = -3154 + 4748. Is i a prime number?
False
Suppose -l + 1940 - 763 = 0. Is l prime?
False
Let g = -23163 - -60320. Is g a prime number?
False
Is (9 + -6)*2228/12 a composite number?
False
Let a = 44 + -41. Is a + 0 - 2*-32 composite?
False
Let h(q) = q**3 + 8*q**2 - 5*q + 19. Is h(-8) a prime number?
True
Let i = -108 + 210. Let f = 6 + -71. Let t = f + i. Is t composite?
False
Let d be (1492/(-10))/((-8)/20). Let s = -188 + d. Is s a composite number?
True
Suppose 0*a = 5*a - 5, a = 2*q + 5413. Let h = 3863 + q. Is h a prime number?
False
Let a = 34640 + -63089. Is a/(-36) - (-3)/4 prime?
False
Suppose -x - 5*f + 5818 = 0, -23197 = -4*x + 12*f - 17*f. Is x a prime number?
False
Let q(z) = -z**2 + 5*z - 10. Let n be q(5). Let j be (8/8)/((-2)/n). Suppose j*o = 20, 2*l - 1685 = -3*o + 1257. Is l a composite number?
True
Suppose 0 = -b - a + 1, 2*b + 5 - 14 = 5*a. Suppose -5 = -r - 1, -196 = -b*v + 4*r. Is v a composite number?
True
Suppose 4*u + 35 = 11*u. Suppose -2*x - 2759 = -u*n, 0 = 3*n + 2*n - 4*x - 2753. Is n prime?
False
Is (-939824)/(-336) + (-6)/63 a prime number?
True
Let y be -12*(-3)/9*1. Suppose 10*t - 3126 = y*t. Is t prime?
True
Is 3788/3 + 2/6 prime?
False
Is 3 + (-3 - -1) + 1086 a prime number?
True
Suppose 0 = 3*r - 0*r - 12. Suppose r = f - 0. Suppose 0 = -f*h - 0*h + 476. Is h a prime number?
False
Let i = 74 - 50. Suppose 0 = 4*t - t - i. Let v(f) = 6*f**2 + f + 3. Is v(t) prime?
False
Let d = 37 - 34. Suppose 2*x - 3534 = -4*c, 4*x - d*x - c = 1764. Is x composite?
True
Let b = -460 - -609. Is b prime?
True
Suppose 13 = -8*z - 83. Let b = 7 - 4. Is (-1016)/z*b/2 prime?
True
Let s(f) be the second derivative of -13*f**5/60 - 11*f**4/24 - 5*f**3/6 + 5*f. Let o(m) be the second derivative of s(m). Is o(-5) composite?
True
Let h be ((-10)/25)/((-2)/430). Suppose 3*g - h = -g + 2*s, -4*g + 3*s + 83 = 0. Is g a composite number?
False
Let v(t) = -169*t**3 + 9*t**2 - 21*t - 15. Let x(f) = -84*f**3 + 5*f**2 - 10*f - 7. Let o(p) = 2*v(p) - 5*x(p). Is o(4) a composite number?
True
Suppose 5*x - 75 = 5. Let f be 40/x + 1/2. Suppose f*v - 1090 = v. Is v a composite number?
True
Suppose 33*a - 256644 = 12075. Is a prime?
False
Suppose -a + 2715 = -p, a + 4*a = -3*p + 13535. Suppose -3*d + 1055 + a = 0. Is d prime?
False
Suppose 5*g + 5*d = 25, 0*g + 2*g + 10 = 2*d. Is (g + 7)/(2862/(-573) - -5) prime?
False
Let a(t) = -8*t**3 + 4*t**2 - 3*t - 4. Let j(g) = -15*g**3 + 7*g**2 - 6*g - 7. Let c(s) = 5*a(s) - 2*j(s). Is c(-5) composite?
False
Suppose -2*b = -2*h + 979 + 583, 3*b - 3937 = -5*h. Is h prime?
False
Suppose 1913 = 2*n - 5*b, -4*n = n + b - 4742. Let l = -447 + n. Is l a composite number?
True
Let x(q) = -q**2 - 10*q - 11. Let n be x(-8). Suppose n*m - 3*y + 154 = 872, 5*m - 4*y = 719. Is m a composite number?
True
Let x(n) = -3*n**2 + 19*n + 6. Let w be x(8). Suppose 0 = 4*b + 7 - 231. Let c = w + b. Is c prime?
False
Let f(b) = -6*b - 12*b**2 - 2*b**3 + 2*b - b + 11. Is f(-8) prime?
True
Suppose 0*z = 4*z - 16. Suppose 3*h + 4*d = 49 + 51, z*d + 96 = 4*h. Suppose -4*c = -2*c - h. Is c composite?
True
Suppose 2*h = z - 68, -3*z - 206 = -6*z + 5*h. Suppose 3*x + z = 627. Is x a composite number?
True
Suppose -4*w = -3*q - 35, 0 = 2*w - 7*w + 2*q + 35. Let y(p) = 21*p**2 - 3*p - 8. Is y(w) a composite number?
True
Suppose 42 = 5*d - 18. Let b = -3 + d. Suppose 2*v - b - 365 = 0. Is v prime?
False
Let k(p) = 17370*p**3 - 1. Is k(1) a prime number?
False
Suppose -q - 3*q = -12. Is 94/2 + 6/q prime?
False
Let f = -12645 - -30946. Is f a prime number?
True
Let o = 30859 - 7650. Is o composite?
False
Let i = -741 + 17188. Is i composite?
False
Suppose -10*z = -4*z - 10398. Is z prime?
True
Let v(a) = -a + 14. Let b = 23 - 14. Let w be v(b). Suppose 5*n = 25, -w*f + n - 1860 = -10*f. Is f prime?
False
Let y(d) = -3 + 9*d**3 + 2 - 3*d - 4*d. Let t be y(5). Suppose -u - 2*u + 1616 = 5*h, -h = 2*u - t. Is u composite?
False
Is 1/(-5) + (-1316)/(-5) a composite number?
False
Suppose -4*c = -31 - 21. Let y = 16 - c. Suppose 4*g = -20, -4*p + 270 = -y*g + g. Is p a prime number?
False
Suppose 2*y + 3190 - 18432 = 0. Is y composite?
False
Suppose 0 = -30*s + 12*s + 12006. Is s prime?
False
Suppose 5*h - 4*u = 29615, h - 2*u + 3*u = 5923. Is h prime?
True
Is 20/(-6)*27/18 + 2164 composite?
True
Suppose -4*i - 12 = 3*p - 7*p, -4*p - 2*i + 24 = 0. Suppose 0 = -4*m - a + 69 + 30, -3*m - p*a = -87. Is 3/12 - (-5346)/m a prime number?
True
Let u be -12 - (3 + (-28)/8)*0. Is u/9 + (-2521)/(-6)*2 a composite number?
False
Is ((-2)/(-3))/(-1)*213327/(-18) prime?
True
Let v(w) = 18*w**2 + 2*w + 25. Let f(s) = -6*s**2 - s - 8. Let n(g) = 17*f(g) + 6*v(g). Let k be n(7). Suppose 53 = -4*c + k. Is c composite?
True
Let v be (-526)/((18/(-5) + 4)*-5). Let p = v - 108. Is p composite?
True
Let f be (-2)/(4/11)*-2. Let l = 11 - f. Is 202 - (2 + (l - 3)) prime?
False
Suppose 4*a - 81 = -5*y - 448, 161 = -2*a + 5*y. Let j = a + -28. Let l = 215 - j. Is l a composite number?
False
Suppose 35 = -2*n + 31, 5*d - 7627 = -4*n. Is d prime?
False
Let u(d) be the third derivative of d**4/24 + 119*d**3/6 + 37*d**2. Is u(0) a prime number?
False
Let r(c) = 4*c - 2. Let a be r(1). Let b(h) = 1015*h + 9. Is b(a) a prime number?
True
Let w = -144075 - -327226. Is w a prime number?
True
Let v = 13450 - 5439. Is v a composite number?
False
Let g = -5 - -5. Suppose s + d = -0*s, g = s + 4*d. Suppose s = p - 53 - 24. Is p composite?
True
Suppose 4*c + 6*y - 7*y = 13367, 2*c + y - 6679 = 0. Is c a composite number?
True
Let i(y) = 2*y**3 - 10*y**2 + 2*y. Let t be i(8). Suppose 0 = 5*a + 2*u - 1021, -2*a + 0*u = -2*u - t. Is a prime?
False
Is 0 + 0 + (60/10 - -121) a prime number?
True
Let o be 121 - (-2 + 4 + -1). Let h = 343 - o. Is h composite?
False
Is ((-20)/(-30))/(6/217737) a prime number?
False
Suppose 25*g - 30*g + 3*c = -34092, 3*c + 6816 = g. Is g a composite number?
True
Let s = -3171 - -9236. Is s prime?
False
Suppose -3*u + 33 - 9 = 0. Let f be (-2)/u - 85/(-20). Suppose f*d - 3*r - 29 = 2*d, -3*d - 4*r = -18. Is d prime?
False
Is (3/2)/(2 - 72548/36280) a composite number?
True
Let f(p) = 24*p**2 - 20*p + 1. Let b(o) = -o**2 - 7*o - 12. Let r be b(-7). Is f(r) a prime number?
True
Suppose 25*m = 57*m - 175072. Is m composite?
False
Suppose -2*d + 36 = -78. Suppose 412 = k + x, -2*x - d = -4*k + 1561. Is k composite?
True
Suppose -4*z + 10874 = -5*i, 4*z = -16*i + 18*i + 10880. Is z a composite number?
True
Let b = 1 - -16. Suppose b*h = 19*h - 8. Suppose 57 = -k + h*k. Is k a prime number?
True
Let v be (-2)/((-6)/(-4) - 2). Is (554 - (v + -4)) + 3 composite?
False
Let s(b) = b**3 - 5*b**2 + b - 2. Let i be s(5). Suppose 2*c = -t + 8, -t - 1 = -c - i*t. Is 72 + c - (-2 - -2) 